(-1) is divided by z.
26
Let k = -1853 + 5202. Calculate the remainder when k is divided by 10.
9
Suppose -k + 25*k = 6168 + 384. Calculate the remainder when k is divided by 69.
66
Let x be -2 + (63 - 8/(-1 + 3)). Let m = x + 63. Calculate the remainder when m is divided by 42.
36
Suppose 3*k = -3*x - 354, 5*k + 362 = 2*k + x. Let h = k + 146. What is the remainder when 47 is divided by h?
21
Suppose -5*b = 5*j - 100, 47 + 3 = j - 4*b. Calculate the remainder when 6446 is divided by j.
24
Suppose 0 = 154*m - 4178 - 3830. Calculate the remainder when 149 is divided by m.
45
Suppose 16*t = 3631 - 159. Calculate the remainder when t is divided by ((-2)/3)/(2/(-30)).
7
Let u = 209 - 186. What is the remainder when 89 is divided by u?
20
Let h(b) = b**3 - 2*b**2 + 9. Let z(p) = -3*p**3 + 5*p**2 - p - 19. Let r(c) = -7*h(c) - 3*z(c). Calculate the remainder when 25 is divided by r(2).
1
Let r(f) = 50*f**2 + 175*f - 345. What is the remainder when r(2) is divided by 14?
9
Let s = 10853 + -10834. What is the remainder when (-3)/(6/(-526)) - -1 is divided by s?
17
Suppose -17 + 1 = -4*j. Suppose -z + j*k + 2 = 0, 3*z + k = -k + 48. Calculate the remainder when 75 is divided by ((-78)/(-4))/(7/z).
36
Suppose 2*a - 2*l + 7 = -3*l, -2 = -5*a + 4*l. Calculate the remainder when 34 - -212 - (10 + a) is divided by 39.
4
What is the remainder when 3945 + 8/(-32)*(-5 + -13 - 6) is divided by 18?
9
Let a(y) = -y**3 + 13*y**2 - 53*y + 233. What is the remainder when 3356 is divided by a(10)?
2
Let h be 7 + -1 + (5 - 6). Suppose -2 = h*x - 22. Suppose 3*k = x*v + 191, -v - 3*v = 3*k - 223. What is the remainder when k is divided by 18?
15
Suppose 2*h - 4*d = -6*d + 28, 11 = h + 2*d. Let t be 2*(-1)/(-8) + (-1855)/(-20). Suppose t = 7*c - 117. Calculate the remainder when c is divided by h.
13
Suppose 5*q + 65*q = 163100. Calculate the remainder when q is divided by 106.
104
Let f(n) = 4*n**2 + 9*n - 64. Suppose 5*v = -15 + 140. What is the remainder when f(7) is divided by v?
20
Let k(g) = -3*g**3 + 2*g**2 + 12*g + 5. Let x be k(-3). What is the remainder when 65 is divided by x/3 + 28/21?
17
Suppose -10*f = -12*f + 6, -r + 5*f = -1470. Suppose -14*b + r = 183. Calculate the remainder when b is divided by 11.
5
Suppose -4*m = -2*a - 58, 20 = -14*a + 18*a. What is the remainder when ((-12)/14)/(m/(-1190)) is divided by 23?
14
Suppose 5*d = 12 + 3. Let c(b) = -33*b - 121. Calculate the remainder when c(-6) is divided by (6/(-9))/(d/(-90)).
17
Let s(f) = -f**3 - 12*f**2 - 11*f + 14. What is the remainder when 7573 is divided by s(-11)?
13
Let t = 1699 + -84. What is the remainder when t is divided by 16?
15
Let u = 66699 + -66677. Calculate the remainder when 68/6*(16 + -1) is divided by u.
16
Suppose 2*r + 4*t - 2*t - 36 = 0, -2*r - 3*t = -32. Suppose 2*m + 15 = 3*g, -g - 4*g + 38 = m. What is the remainder when r is divided by g?
1
What is the remainder when 16/(-40) - 58626/(-90) is divided by 132?
123
Suppose 4*r + 9 = 1. Suppose -2816*m + 2823*m = -70. What is the remainder when 57 is divided by (84/m)/(r/5)?
15
Let p = -101 + 158. Calculate the remainder when p is divided by ((-2)/(-7) + -2)/((-4)/42).
3
Let m = 459 + -404. Let g = -3 - -34. Let x = 53 - g. What is the remainder when m is divided by x?
11
Let o be (-240)/12*(0 - -1). Let i be o/(-50) - 2/5. Suppose i = -m + 190 - 174. Calculate the remainder when 45 is divided by m.
13
Let g(i) be the first derivative of i**4/4 + 4*i**3/3 - 7*i**2/2 - 9*i + 20. Calculate the remainder when g(-4) is divided by 13.
6
Suppose 0 = -4*k - 0 + 100. Suppose 0 = -k*x + 22*x + 3. What is the remainder when x/(4*(-3)/(-420)) is divided by 6?
5
Suppose 24*l - 7708 - 11540 = 0. Calculate the remainder when l is divided by 23.
20
Suppose 63 = 2*r + r. Suppose -5*s - 58 = -n, -28 = -3*n - 2*s + 27. What is the remainder when n is divided by r?
2
Suppose -6*c + 5*m + 125 = -c, -5*m = 0. Let s(f) = -f**3 + 27*f**2 - 50*f + 52. What is the remainder when 140 is divided by s(c)?
36
Let b be 14 + (-3 - 0) - 14/(-7). Suppose w + 264 = b*w. Let r(z) = 2*z**2 + 8*z - 12. What is the remainder when r(6) is divided by w?
20
Suppose 4*w - 111 = 117. Suppose -2*s + 5*q = -27, 3 = -2*q + 5. Let f(t) = -2*t**3 + 31*t**2 + 14*t + 47. Calculate the remainder when w is divided by f(s).
12
What is the remainder when 328 is divided by (-768)/(-5760) + 1243/15?
79
Let g be (8/3)/((-4)/(-72)) - 1. Let v = -89 + g. Let s = 57 + v. What is the remainder when 71 is divided by s?
11
Let c be 780/300 - 4/(-10). Suppose 4*t + 140 = 4*n, 6*n - n + c*t - 183 = 0. What is the remainder when 178 is divided by n?
34
Let l(z) = 120*z + 242. Calculate the remainder when 370 is divided by l(-1).
4
Let f(j) = -113*j - 8. Let d be f(1). Let a = 327 + d. Let g = 68 + a. What is the remainder when g is divided by 25?
24
Suppose -r + 3*h + 18 = -68, 5*r - 360 = h. Let c = r - 20. What is the remainder when 202 is divided by c?
49
Let w = -125 + 136. Suppose -6*l - w = -89. What is the remainder when 50 is divided by l?
11
Let l(z) = -z + 32. Let g be (-4 + 3)*6 - 0/5. What is the remainder when l(g) is divided by 4?
2
Let k(c) be the second derivative of -c**5/20 + 7*c**4/12 - c**3/6 + 7*c**2 - 3*c + 33. Calculate the remainder when 76 is divided by k(0).
6
Suppose 0 = t, 2*l - 4*t = -3*t + 1588. Suppose 3*o - 220 = l. Let y = o - 238. Calculate the remainder when y is divided by 6.
4
Let h(k) = k**2 + k + 689. Suppose -203 = -4*l + 105. Calculate the remainder when h(0) is divided by l.
73
Let j(z) = 4*z**2 + 4*z - 21. Let l be j(-7). Let n = l - 21. Calculate the remainder when 150 is divided by (-1)/((-14)/6) - (-2088)/n.
14
Let y(i) = i**2 - 5*i - 7. Let b be y(6). Let g be 9/(-18) - 7/(-2). What is the remainder when g - (-4 - -41)/b is divided by 11?
7
Let u = 14469 - 14386. What is the remainder when 3151 is divided by u?
80
Let o = -73 + 79. Suppose o*z = 17*z - 55. Suppose -z*w + 13 = -32. What is the remainder when 42 is divided by w?
6
Suppose -98*s - 146*s + 3461 + 21183 = 0. Let a(k) = k**3 - k**2 - 3*k - 2. Calculate the remainder when s is divided by a(4).
33
Let r(f) = 35*f - 23. Suppose -7 = u + 2*i, i + 0*i + 5 = 0. What is the remainder when r(u) is divided by 30?
22
Suppose 2*b + 0*b = 260. Let x be (-16)/(-96) - 1109/(-6). Let a = x - b. What is the remainder when a is divided by 20?
15
Suppose 0 = -7*o + 2*o + k + 1213, -493 = -2*o + 3*k. What is the remainder when o is divided by 87?
68
Suppose 128 = -2*u + 1370. Let l = u + -241. Suppose -22*y + l = -12*y. Calculate the remainder when y is divided by 14.
10
Let b(q) = -341*q + 586. Let t be b(2). Suppose 5*n + 4*u + 200 = 3*u, 3*n - 4*u + 120 = 0. Let f = n - t. Calculate the remainder when f is divided by 20.
16
Calculate the remainder when 5/7 - 1 - 947368/(-2212) is divided by 120.
68
Let q = -2077 - -3839. Calculate the remainder when q is divided by 15.
7
Suppose 0 = l + 6*l - 3451. Let r = l + -480. Calculate the remainder when 282 is divided by r.
9
Suppose 2*y - 5*n = 1500, -3*y + 16*n = 13*n - 2277. What is the remainder when y is divided by 68?
17
Let i = -22 - -42. Let f(q) = -2*q**2 - 64*q - 5. What is the remainder when f(-31) is divided by i?
17
Let i = -147 + 152. Suppose i*j - 2*j - 471 = 0. Calculate the remainder when j is divided by 80.
77
Let j be (7 + -6 + -6)*(-6)/10. Suppose 4*l - 2*x + 7 = l, -15 = -j*x. Let s(c) = 123*c**2 - 4*c + 5. Calculate the remainder when s(l) is divided by 25.
24
Suppose 5169 + 3591 = 4*p + 3*f, -3*f = 0. Suppose -q + b = -438, 0*q + b + p = 5*q. Calculate the remainder when q is divided by 34.
30
Let u = 7623 - 6504. Calculate the remainder when u is divided by 20.
19
Let t(v) = 2*v**2 - 8*v - 23. Let y be t(-2). Let r = 305 - 180. What is the remainder when r is divided by (-25 + y)/(21/140*-5)?
29
Let d(s) = 2*s**2 + 40*s + 25. Let n be d(-19). Calculate the remainder when 55 is divided by (60/14)/(n/(-91)).
25
Suppose -q - 39 = -38, 5*k + 5*q - 1590 = 0. What is the remainder when k is divided by 69?
43
Let u(c) = 26*c**3 + 7*c**2 - 5*c - 1. What is the remainder when 210 is divided by u(1)?
21
Let w(l) = 32*l**2 + 119*l - 946. What is the remainder when w(7) is divided by 91?
90
Suppose -17 = -g - 0*g. Let c(p) = -4*p**2 - 10*p**